s the remainder when x is divided by (198/45 + -2)*(15 - 10)?
10
Suppose 0 = 361*k - 11826 + 3884. Let y(r) = r**2 + 6*r + 1. What is the remainder when y(-11) is divided by k?
12
Let d(m) = 40*m - 232. What is the remainder when 27 is divided by d(6)?
3
Let c = -38883 - -39443. What is the remainder when c is divided by 158?
86
Suppose 42*b - 39982 + 2946 = 5678. What is the remainder when b is divided by 43?
28
Let r = 10687 - 10657. What is the remainder when 1708 is divided by r?
28
Let v be 3123/63 - 20/35. Suppose -2*b = -3*a - 39, -3*b + 0*b - 5*a + v = 0. Calculate the remainder when 226 is divided by b.
10
Let l = -101 - 43. Let v = l - -168. Calculate the remainder when v is divided by 9.
6
Let g = 9618 + -9593. Calculate the remainder when 689 is divided by g.
14
Suppose 3*t + 4*j - 7*j = 831, 4*j = 3*t - 832. What is the remainder when 553 is divided by t?
1
Let z(o) = o**3 - o**2 - 6*o - 3. Suppose -3*n = -9*n + 36. Suppose -28*b + 26*b + 72 = 0. Calculate the remainder when z(n) is divided by b.
33
Let l be 2118/(-14) - ((-20)/(-35))/(-2). Let c = 30 + l. Let n = -68 - c. Calculate the remainder when n is divided by 19.
15
Let u(v) = 8*v - 118. Let f be u(15). Let w = -16 - 0. What is the remainder when 74 is divided by (68/w)/(f/(-8)) + 2?
17
Let d(q) = -340*q**2 - 3444*q - 2. Calculate the remainder when 2190 is divided by d(-10).
0
Suppose -3*c + 4*q + 13010 = 0, 3*q + 3 = 6*q. What is the remainder when c is divided by 140?
138
Let a = 2150 - 1750. What is the remainder when a is divided by 52?
36
Let n(d) = 8*d**3 - 5*d**2 + 5*d + 1. Let i be (23 + -24)*3/(-1). What is the remainder when n(i) is divided by 47?
46
Let c = -360 - -426. Calculate the remainder when 83 is divided by c.
17
Suppose 36 = -3*b + 3. Let x(u) = u**3 + 12*u**2 + 8*u + 9. Let s be x(b). Let l = s + -27. What is the remainder when 59 is divided by l?
14
Let g(u) = -3*u**3 - u**2 + 1. Let d be g(-1). What is the remainder when (-9)/((-99)/110) - (-7 + 1) is divided by 1/d - 28/(-6)?
1
Let g = -354 + 354. Calculate the remainder when 40 is divided by 16/4*(g - (-9)/12).
1
Suppose 2*d + 2*r + 78 = 0, d - 4*r + r = -43. Let l = -15 - d. What is the remainder when 96 is divided by l?
21
What is the remainder when (((-2670)/(-45))/(6/9))/((-1)/(-2)) is divided by 1?
0
Let k be (-91)/26*1*(-2 + 0). Suppose 582 = -w + k*w. What is the remainder when 675 is divided by w?
93
Let y(z) = z**3 - 6*z**2 + 3*z + 8. Let l(m) = 10*m + 9. Let t be l(10). Suppose -30 = 104*s - t*s. Calculate the remainder when 154 is divided by y(s).
24
Suppose 5*i - 4 = -2*m, m + 3*i - 38 = -34. Calculate the remainder when 12/(-4 - -8)*(-1848)/m is divided by 58.
55
What is the remainder when 1/(-2) + 75/2 is divided by 10*(-418)/88*4/(-10)?
18
What is the remainder when -1*((-8 - 2)/(-2) + -500) + -4 is divided by 118?
19
Suppose -r + 11 = -2. Suppose -15 = 10*j - r*j. Suppose 126 = j*x - 0*o + 3*o, 0 = 3*x + 2*o - 76. What is the remainder when 94 is divided by x?
22
Let p(s) = -s**3 + 20*s**2 - 16*s - 7. Let i(q) = q**2 + 5*q + 13. Let m be i(-6). Calculate the remainder when p(m) is divided by 13.
11
Let q(y) = y**3 - 14*y**2 - 2*y + 28. Let x be q(14). Suppose -28*n + 51 + 1517 = x. Suppose 7*g = 4*g + 57. Calculate the remainder when n is divided by g.
18
Let q(t) = 124*t**2 + 2*t - 6. Let b be q(3). Suppose 0 = 21*v - 12*v - b. What is the remainder when v is divided by 321/10 - (-5)/(-50)?
28
Suppose 4*p - 127 = -5*r, 24*r - 27*r = -p + 53. Suppose -3*j - 5*y - 730 = -8*j, 0 = -4*j - 4*y + 600. Calculate the remainder when j is divided by p.
34
Suppose 5*g + 4*q - 147 = 864, 0 = 5*g - 5*q - 975. Calculate the remainder when g is divided by 34 - -3 - 840/(-60).
46
Suppose 0 = -70*p + 75*p - 110. Suppose 40 = -p*x + 27*x. Let i(c) = -c**3 - 5*c**2 - 4*c + 5. Calculate the remainder when x is divided by i(-4).
3
Let n(y) = -303*y - 154. Let l(c) = 454*c + 230. Let h(j) = 5*l(j) + 8*n(j). What is the remainder when h(-3) is divided by 55?
50
Suppose -l + 5*p + 77 = -3*l, -2*l + 5*p - 27 = 0. What is the remainder when (-35 - -3)/((l/8)/13) is divided by 67?
61
Let a(d) = -166*d**3 - 3*d**2 - 13*d + 3. What is the remainder when a(-3) is divided by 13?
12
Suppose 0 = 2*l + 108 - 238. Suppose -2*r + l = 5*v, -4*v = v - 2*r - 85. What is the remainder when 239 is divided by v?
14
Let k(h) = -44*h + 30. Let b be k(-24). Let s = -474 + b. What is the remainder when s is divided by 88?
84
Let f be (-16)/120 + 3 + (-6)/(-45). Suppose 3*v - 456 = f*q, 3*q = -35*v + 33*v + 319. What is the remainder when v is divided by 13?
12
Let q(o) = -184*o + 5194. Calculate the remainder when 182 is divided by q(28).
14
Let m be (-2348)/(-76) + 14/133. Let f = m - 19. What is the remainder when 155 is divided by f?
11
Let u(b) = -2*b**3 + 5*b**2 + 463*b + 32. Calculate the remainder when u(-14) is divided by 1/2*2*3.
0
Let j(k) = -24*k**3 + 10*k**2 + 19*k - 3. Let b be j(-6). Calculate the remainder when b/21 + (-20)/(-35) - 2 is divided by 13.
10
Suppose -877 - 719 = 4*t. Let r = t - -415. What is the remainder when 110 is divided by r?
14
Let f(q) = -q**3 - 2*q**2 + 23. Let x(n) = -10*n + 7. Let b be x(4). Let h = 76 + b. Calculate the remainder when h is divided by f(0).
20
Let j be (1 - 0/1)*-29. Let h = 17 - j. Let n(x) = -24*x - 152. Calculate the remainder when h is divided by n(-7).
14
Let n = 7 + -6. Suppose 54*x + 15*x = 38*x + 806. What is the remainder when x is divided by n?
0
Suppose 2*w - w - 27 = 0. Suppose -370 = -3*y - 5*o, y - o - 89 = 37. Let p = y + -108. What is the remainder when w is divided by p?
10
Let i(y) be the second derivative of -y**4/12 + 11*y**3/6 - 3*y**2/2 - 194*y. What is the remainder when 134 is divided by i(5)?
26
Suppose 13*b - 12*b + 12 = 0. Let o(c) = -c**2 - 19*c - 14. Let g = 21 + -9. What is the remainder when o(b) is divided by g?
10
Suppose 44*h - 2*r + 4054 = 47*h, -9*h + r = -12169. Calculate the remainder when h is divided by 55.
32
Let f(q) = q**3 - q**2 - 35*q + 4. Calculate the remainder when 249 is divided by f(7).
37
Let g(y) = -y**3 + 14*y**2 - 3*y - 11. Suppose 12 = s + c, -2*s - 5*c - 5 = -17. Suppose 0 = -3*h + 55 - s. Calculate the remainder when g(h) is divided by 24.
23
Let d(v) = -v**2 - 8*v + 6. What is the remainder when 5/10*(163 + 3) is divided by d(-6)?
11
Suppose 3*n + 18 = -5*l + 115, -4*l + 60 = -2*n. Calculate the remainder when 118 is divided by l.
16
Let b = -3 + 16. Calculate the remainder when b is divided by (-20)/(-3) - (-16)/(-240)*-5.
6
Suppose 132 = 3*n - 5*p, 139 = 3*n + 3*p - 17. What is the remainder when 3705 is divided by n?
30
Let w = 1199 + -1188. Let i be (-225)/6*(-6)/9. Suppose -s + t = -5, 0 = -4*s - 3*t + i + 16. What is the remainder when w is divided by s?
3
Suppose -22*p = -2665 - 1867. Calculate the remainder when 612 is divided by p.
200
Suppose -825 = -186*q + 111*q. What is the remainder when 1646 is divided by q?
7
Suppose -k + 6*k = 55. Let z = 65 - k. Let x = z - 30. What is the remainder when x is divided by 6?
0
Let g(t) be the first derivative of -t**2 - 52*t - 18. Let n be g(-16). What is the remainder when 24 is divided by (1 - (-16)/(-2))/(10/n)?
10
Suppose -20*w - 43 = -203. What is the remainder when w is divided by (-120)/(-36) - 2/6?
2
Let i(d) = 19*d - 310 + 487 + 32*d. Let r = 40 - -5. Calculate the remainder when r is divided by i(-3).
21
Suppose -13*k - 43 + 802 = 20*k. What is the remainder when 139 is divided by k?
1
Let t be (124 + -1)/(-2 + 1). Suppose f + 361*u - 25 = 360*u, 82 = 4*f - 2*u. What is the remainder when 1 - t/(1 + 2) is divided by f?
20
Suppose -444 = -4*t - g, -1 = 4*t - g - 453. Suppose -s - t = -j - j, 5*s + 175 = 3*j. What is the remainder when j is divided by 17?
4
Suppose 16*z = 23*z - 868. Let b = -30 + z. What is the remainder when b is divided by 19?
18
Suppose -4*o + 94 = -3*y - 90, -3*o + 167 = 5*y. Let a(x) = x - 21. Calculate the remainder when o is divided by a(35).
7
Let n(a) = 4*a**2 - 3. Let f be n(5). Let r be (63/2)/(21/(-42)). Let u = f + r. What is the remainder when 135 is divided by u?
33
Let j = 8261 - 8241. Calculate the remainder when 516 is divided by j.
16
Suppose -6*t - 14*t + 40 = 0. Suppose 3*g - 160 = -t*p, 9*p + 144 = 11*p - g. Calc